{"id":108,"date":"2021-06-03T06:18:30","date_gmt":"2021-06-03T06:18:30","guid":{"rendered":"https:\/\/pistenbully.webdev.is\/index.php\/services\/"},"modified":"2022-10-12T10:42:58","modified_gmt":"2022-10-12T10:42:58","slug":"services","status":"publish","type":"page","link":"https:\/\/pistenbully.is\/index.php\/services\/","title":{"rendered":"\u00deJ\u00d3NUSTA"},"content":{"rendered":"\t\t<div data-elementor-type=\"wp-page\" data-elementor-id=\"108\" class=\"elementor elementor-108\">\n\t\t\t\t\t\t<div class=\"elementor-inner\">\n\t\t\t\t<div class=\"elementor-section-wrap\">\n\t\t\t\t\t\t\t\t\t<section class=\"elementor-section elementor-top-section elementor-element elementor-element-14f069e elementor-section-full_width elementor-section-stretched elementor-section-height-default elementor-section-height-default\" data-id=\"14f069e\" data-element_type=\"section\" data-settings=\"{&quot;stretch_section&quot;:&quot;section-stretched&quot;,&quot;background_background&quot;:&quot;classic&quot;}\">\n\t\t\t\t\t\t\t<div class=\"elementor-background-overlay\"><\/div>\n\t\t\t\t\t\t\t<div class=\"elementor-container elementor-column-gap-default\">\n\t\t\t\t\t\t\t<div class=\"elementor-row\">\n\t\t\t\t\t<div class=\"aux-parallax-section elementor-column elementor-col-100 elementor-top-column elementor-element elementor-element-c1a0945\" data-id=\"c1a0945\" data-element_type=\"column\">\n\t\t\t<div class=\"elementor-column-wrap elementor-element-populated\">\n\t\t\t\t\t\t\t<div class=\"elementor-widget-wrap\">\n\t\t\t\t\t\t<div class=\"elementor-element elementor-element-e1cdf06 elementor-widget elementor-widget-heading\" data-id=\"e1cdf06\" data-element_type=\"widget\" data-widget_type=\"heading.default\">\n\t\t\t\t<div class=\"elementor-widget-container\">\n\t\t\t<h2 class=\"elementor-heading-title elementor-size-default\">PistenBully \u00fej\u00f3nusta<\/h2>\t\t<\/div>\n\t\t\t\t<\/div>\n\t\t\t\t<div class=\"elementor-element elementor-element-c8ac9dd elementor-widget elementor-widget-text-editor\" data-id=\"c8ac9dd\" data-element_type=\"widget\" data-widget_type=\"text-editor.default\">\n\t\t\t\t<div class=\"elementor-widget-container\">\n\t\t\t\t\t\t\t\t<div class=\"elementor-text-editor elementor-clearfix\">\n\t\t\t\t<p>Kynntu \u00fe\u00e9r PistenBully \u00fej\u00f3nustu \u00e1 \u00cdslandi<\/p>\t\t\t\t\t<\/div>\n\t\t\t\t\t\t<\/div>\n\t\t\t\t<\/div>\n\t\t\t\t\t\t<\/div>\n\t\t\t\t\t<\/div>\n\t\t<\/div>\n\t\t\t\t\t\t\t\t<\/div>\n\t\t\t\t\t<\/div>\n\t\t<\/section>\n\t\t\t\t<section class=\"elementor-section elementor-top-section elementor-element elementor-element-3d32322 elementor-section-full_width elementor-section-height-default elementor-section-height-default\" data-id=\"3d32322\" data-element_type=\"section\">\n\t\t\t\t\t\t<div class=\"elementor-container elementor-column-gap-no\">\n\t\t\t\t\t\t\t<div class=\"elementor-row\">\n\t\t\t\t\t<div class=\"aux-parallax-section elementor-column elementor-col-100 elementor-top-column elementor-element elementor-element-385b072\" data-id=\"385b072\" data-element_type=\"column\">\n\t\t\t<div class=\"elementor-column-wrap elementor-element-populated\">\n\t\t\t\t\t\t\t<div class=\"elementor-widget-wrap\">\n\t\t\t\t\t\t<section class=\"elementor-section elementor-inner-section elementor-element elementor-element-9ef5ed3 elementor-section-content-middle elementor-section-boxed elementor-section-height-default elementor-section-height-default\" data-id=\"9ef5ed3\" data-element_type=\"section\">\n\t\t\t\t\t\t<div class=\"elementor-container elementor-column-gap-no\">\n\t\t\t\t\t\t\t<div class=\"elementor-row\">\n\t\t\t\t\t<div class=\"aux-parallax-section elementor-column elementor-col-50 elementor-inner-column elementor-element elementor-element-55ca769\" data-id=\"55ca769\" data-element_type=\"column\">\n\t\t\t<div class=\"elementor-column-wrap elementor-element-populated\">\n\t\t\t\t\t\t\t<div class=\"elementor-widget-wrap\">\n\t\t\t\t\t\t<div class=\"elementor-element elementor-element-11f119c aux-appear-watch-animation aux-fade-in-up elementor-widget elementor-widget-aux_modern_heading\" data-id=\"11f119c\" data-element_type=\"widget\" data-widget_type=\"aux_modern_heading.default\">\n\t\t\t\t<div class=\"elementor-widget-container\">\n\t\t\t<section class=\"aux-widget-modern-heading\">\n            <div class=\"aux-widget-inner\"><h2 class=\"aux-modern-heading-primary\">PistenBully \u00e1 \u00cdslandi<\/h2><h3 class=\"aux-modern-heading-secondary\"><span class=\"aux-head-highlight\">Vi\u00f0ger\u00f0a og varahluta\u00fej\u00f3nusta<\/span><\/h3><\/div>\n        <\/section>\t\t<\/div>\n\t\t\t\t<\/div>\n\t\t\t\t\t\t<\/div>\n\t\t\t\t\t<\/div>\n\t\t<\/div>\n\t\t\t\t<div class=\"aux-parallax-section elementor-column elementor-col-50 elementor-inner-column elementor-element elementor-element-0f024d3\" data-id=\"0f024d3\" data-element_type=\"column\">\n\t\t\t<div class=\"elementor-column-wrap elementor-element-populated\">\n\t\t\t\t\t\t\t<div class=\"elementor-widget-wrap\">\n\t\t\t\t\t\t<div class=\"elementor-element elementor-element-456a97a elementor-widget__width-auto aux-appear-watch-animation aux-fade-in-up elementor-widget elementor-widget-aux_modern_heading\" data-id=\"456a97a\" data-element_type=\"widget\" data-widget_type=\"aux_modern_heading.default\">\n\t\t\t\t<div class=\"elementor-widget-container\">\n\t\t\t<section class=\"aux-widget-modern-heading\">\n            <div class=\"aux-widget-inner\"><h2 class=\"aux-modern-heading-primary\"><\/h2><div class=\"aux-modern-heading-description\"><p>Vi\u00f0 veitum v\u00ed\u00f0t\u00e6ka \u00fej\u00f3nustu vi\u00f0 PistenBully \u00e1 \u00cdslandi. T\u00e6kni\u00fej\u00f3nustu og bilanagreiningu auk \u00fej\u00e1lfunar \u00ed rekstri og vi\u00f0haldi PistenBully t\u00e6kja. \u00d6flug varahluta\u00fej\u00f3nusta.\u00a0<\/p><\/div><\/div>\n        <\/section>\t\t<\/div>\n\t\t\t\t<\/div>\n\t\t\t\t\t\t<\/div>\n\t\t\t\t\t<\/div>\n\t\t<\/div>\n\t\t\t\t\t\t\t\t<\/div>\n\t\t\t\t\t<\/div>\n\t\t<\/section>\n\t\t\t\t\t\t<\/div>\n\t\t\t\t\t<\/div>\n\t\t<\/div>\n\t\t\t\t\t\t\t\t<\/div>\n\t\t\t\t\t<\/div>\n\t\t<\/section>\n\t\t\t\t<section class=\"elementor-section elementor-top-section elementor-element elementor-element-ef7cdc4 elementor-section-boxed elementor-section-height-default elementor-section-height-default\" data-id=\"ef7cdc4\" data-element_type=\"section\">\n\t\t\t\t\t\t<div class=\"elementor-container elementor-column-gap-default\">\n\t\t\t\t\t\t\t<div class=\"elementor-row\">\n\t\t\t\t\t<div class=\"aux-parallax-section elementor-column elementor-col-50 elementor-top-column elementor-element elementor-element-38be4a9\" data-id=\"38be4a9\" data-element_type=\"column\">\n\t\t\t<div class=\"elementor-column-wrap elementor-element-populated\">\n\t\t\t\t\t\t\t<div class=\"elementor-widget-wrap\">\n\t\t\t\t\t\t<div class=\"elementor-element elementor-element-151189c elementor-widget elementor-widget-image\" data-id=\"151189c\" data-element_type=\"widget\" data-widget_type=\"image.default\">\n\t\t\t\t<div class=\"elementor-widget-container\">\n\t\t\t\t\t\t\t\t<div class=\"elementor-image\">\n\t\t\t\t\t\t\t\t\t\t\t\t<img loading=\"lazy\" decoding=\"async\" width=\"423\" height=\"303\" src=\"https:\/\/pistenbully.is\/wp-content\/uploads\/2021\/06\/PistenBully-verkstaedi.jpg\" class=\"attachment-large size-large\" alt=\"PistenBully \u00e1 \u00cdslandi verkst\u00e6\u00f0i\" \/>\t\t\t\t\t\t\t\t\t\t\t\t\t\t<\/div>\n\t\t\t\t\t\t<\/div>\n\t\t\t\t<\/div>\n\t\t\t\t\t\t<\/div>\n\t\t\t\t\t<\/div>\n\t\t<\/div>\n\t\t\t\t<div class=\"aux-parallax-section elementor-column elementor-col-50 elementor-top-column elementor-element elementor-element-9b18851\" data-id=\"9b18851\" data-element_type=\"column\">\n\t\t\t<div class=\"elementor-column-wrap elementor-element-populated\">\n\t\t\t\t\t\t\t<div class=\"elementor-widget-wrap\">\n\t\t\t\t\t\t<div class=\"elementor-element elementor-element-599f3d9 elementor-widget elementor-widget-heading\" data-id=\"599f3d9\" data-element_type=\"widget\" data-widget_type=\"heading.default\">\n\t\t\t\t<div class=\"elementor-widget-container\">\n\t\t\t<h2 class=\"elementor-heading-title elementor-size-default\">T\u00e6knia\u00f0sto\u00f0\n<\/h2>\t\t<\/div>\n\t\t\t\t<\/div>\n\t\t\t\t<div class=\"elementor-element elementor-element-b335f6e elementor-widget elementor-widget-text-editor\" data-id=\"b335f6e\" data-element_type=\"widget\" data-widget_type=\"text-editor.default\">\n\t\t\t\t<div class=\"elementor-widget-container\">\n\t\t\t\t\t\t\t\t<div class=\"elementor-text-editor elementor-clearfix\">\n\t\t\t\t<p>A\u00f0sto\u00f0 vi\u00f0 bilanagreiningar og t\u00e6knileg r\u00e1\u00f0gj\u00f6f.<\/p>\t\t\t\t\t<\/div>\n\t\t\t\t\t\t<\/div>\n\t\t\t\t<\/div>\n\t\t\t\t\t\t<\/div>\n\t\t\t\t\t<\/div>\n\t\t<\/div>\n\t\t\t\t\t\t\t\t<\/div>\n\t\t\t\t\t<\/div>\n\t\t<\/section>\n\t\t\t\t<section class=\"elementor-section elementor-top-section elementor-element elementor-element-b889301 elementor-section-boxed elementor-section-height-default elementor-section-height-default\" data-id=\"b889301\" data-element_type=\"section\">\n\t\t\t\t\t\t<div class=\"elementor-container elementor-column-gap-default\">\n\t\t\t\t\t\t\t<div class=\"elementor-row\">\n\t\t\t\t\t<div class=\"aux-parallax-section elementor-column elementor-col-50 elementor-top-column elementor-element elementor-element-fc31ccb\" data-id=\"fc31ccb\" data-element_type=\"column\">\n\t\t\t<div class=\"elementor-column-wrap elementor-element-populated\">\n\t\t\t\t\t\t\t<div class=\"elementor-widget-wrap\">\n\t\t\t\t\t\t<div class=\"elementor-element elementor-element-729f0ba elementor-widget elementor-widget-image\" data-id=\"729f0ba\" data-element_type=\"widget\" data-widget_type=\"image.default\">\n\t\t\t\t<div class=\"elementor-widget-container\">\n\t\t\t\t\t\t\t\t<div class=\"elementor-image\">\n\t\t\t\t\t\t\t\t\t\t\t\t<img loading=\"lazy\" decoding=\"async\" width=\"423\" height=\"303\" src=\"https:\/\/pistenbully.is\/wp-content\/uploads\/2021\/06\/PistenBully-thjonustuskodanir-423x303-1.jpg\" class=\"attachment-large size-large\" alt=\"\u00dej\u00f3nustuheims\u00f3knir til vi\u00f0skiptavina\" \/>\t\t\t\t\t\t\t\t\t\t\t\t\t\t<\/div>\n\t\t\t\t\t\t<\/div>\n\t\t\t\t<\/div>\n\t\t\t\t\t\t<\/div>\n\t\t\t\t\t<\/div>\n\t\t<\/div>\n\t\t\t\t<div class=\"aux-parallax-section elementor-column elementor-col-50 elementor-top-column elementor-element elementor-element-7fc7418\" data-id=\"7fc7418\" data-element_type=\"column\">\n\t\t\t<div class=\"elementor-column-wrap elementor-element-populated\">\n\t\t\t\t\t\t\t<div class=\"elementor-widget-wrap\">\n\t\t\t\t\t\t<div class=\"elementor-element elementor-element-1bea4cf elementor-widget elementor-widget-heading\" data-id=\"1bea4cf\" data-element_type=\"widget\" data-widget_type=\"heading.default\">\n\t\t\t\t<div class=\"elementor-widget-container\">\n\t\t\t<h2 class=\"elementor-heading-title elementor-size-default\">\u00dej\u00e1lfun\n<\/h2>\t\t<\/div>\n\t\t\t\t<\/div>\n\t\t\t\t<div class=\"elementor-element elementor-element-aa77594 elementor-widget elementor-widget-text-editor\" data-id=\"aa77594\" data-element_type=\"widget\" data-widget_type=\"text-editor.default\">\n\t\t\t\t<div class=\"elementor-widget-container\">\n\t\t\t\t\t\t\t\t<div class=\"elementor-text-editor elementor-clearfix\">\n\t\t\t\t<p>\u00dej\u00e1lfun og n\u00e1mskei\u00f0 \u00ed rekstri og vi\u00f0haldi PIstenBully t\u00e6kja.\u00a0<\/p>\t\t\t\t\t<\/div>\n\t\t\t\t\t\t<\/div>\n\t\t\t\t<\/div>\n\t\t\t\t\t\t<\/div>\n\t\t\t\t\t<\/div>\n\t\t<\/div>\n\t\t\t\t\t\t\t\t<\/div>\n\t\t\t\t\t<\/div>\n\t\t<\/section>\n\t\t\t\t<section class=\"elementor-section elementor-top-section elementor-element elementor-element-b7165f8 elementor-section-boxed elementor-section-height-default elementor-section-height-default\" data-id=\"b7165f8\" data-element_type=\"section\">\n\t\t\t\t\t\t<div class=\"elementor-container elementor-column-gap-default\">\n\t\t\t\t\t\t\t<div class=\"elementor-row\">\n\t\t\t\t\t<div class=\"aux-parallax-section elementor-column elementor-col-50 elementor-top-column elementor-element elementor-element-7e80765\" data-id=\"7e80765\" data-element_type=\"column\">\n\t\t\t<div class=\"elementor-column-wrap elementor-element-populated\">\n\t\t\t\t\t\t\t<div class=\"elementor-widget-wrap\">\n\t\t\t\t\t\t<div class=\"elementor-element elementor-element-d51e943 elementor-widget elementor-widget-image\" data-id=\"d51e943\" data-element_type=\"widget\" data-widget_type=\"image.default\">\n\t\t\t\t<div class=\"elementor-widget-container\">\n\t\t\t\t\t\t\t\t<div class=\"elementor-image\">\n\t\t\t\t\t\t\t\t\t\t\t\t<img loading=\"lazy\" decoding=\"async\" width=\"423\" height=\"303\" src=\"https:\/\/pistenbully.is\/wp-content\/uploads\/2021\/06\/PistenBully-varahlutathjonusta.jpg\" class=\"attachment-large size-large\" alt=\"PistenBully varahluta\u00fej\u00f3nusta\" \/>\t\t\t\t\t\t\t\t\t\t\t\t\t\t<\/div>\n\t\t\t\t\t\t<\/div>\n\t\t\t\t<\/div>\n\t\t\t\t\t\t<\/div>\n\t\t\t\t\t<\/div>\n\t\t<\/div>\n\t\t\t\t<div class=\"aux-parallax-section elementor-column elementor-col-50 elementor-top-column elementor-element elementor-element-1b82d96\" data-id=\"1b82d96\" data-element_type=\"column\">\n\t\t\t<div class=\"elementor-column-wrap elementor-element-populated\">\n\t\t\t\t\t\t\t<div class=\"elementor-widget-wrap\">\n\t\t\t\t\t\t<div class=\"elementor-element elementor-element-8a30828 elementor-widget elementor-widget-heading\" data-id=\"8a30828\" data-element_type=\"widget\" data-widget_type=\"heading.default\">\n\t\t\t\t<div class=\"elementor-widget-container\">\n\t\t\t<h2 class=\"elementor-heading-title elementor-size-default\">Varahluta\u00fej\u00f3nusta\n<\/h2>\t\t<\/div>\n\t\t\t\t<\/div>\n\t\t\t\t<div class=\"elementor-element elementor-element-5e7e819 elementor-widget elementor-widget-text-editor\" data-id=\"5e7e819\" data-element_type=\"widget\" data-widget_type=\"text-editor.default\">\n\t\t\t\t<div class=\"elementor-widget-container\">\n\t\t\t\t\t\t\t\t<div class=\"elementor-text-editor elementor-clearfix\">\n\t\t\t\t<p>PistenBully \u00e1 \u00cdslandi er tengt \u00f6flugu \u00fej\u00f3nustu og lagerkerfi PistenBully og b\u00fd\u00f0ur upp \u00e1 hra\u00f0a og \u00f6rugga afgrei\u00f0slu varahluta og aukahluta fyrir \u00f6ll PistenBully t\u00e6ki.<\/p>\t\t\t\t\t<\/div>\n\t\t\t\t\t\t<\/div>\n\t\t\t\t<\/div>\n\t\t\t\t\t\t<\/div>\n\t\t\t\t\t<\/div>\n\t\t<\/div>\n\t\t\t\t\t\t\t\t<\/div>\n\t\t\t\t\t<\/div>\n\t\t<\/section>\n\t\t\t\t<section class=\"elementor-section elementor-top-section elementor-element elementor-element-0a1c1d1 elementor-section-boxed elementor-section-height-default elementor-section-height-default\" data-id=\"0a1c1d1\" data-element_type=\"section\">\n\t\t\t\t\t\t<div class=\"elementor-container elementor-column-gap-default\">\n\t\t\t\t\t\t\t<div class=\"elementor-row\">\n\t\t\t\t\t<div class=\"aux-parallax-section elementor-column elementor-col-100 elementor-top-column elementor-element elementor-element-736d4e1\" data-id=\"736d4e1\" data-element_type=\"column\">\n\t\t\t<div class=\"elementor-column-wrap elementor-element-populated\">\n\t\t\t\t\t\t\t<div class=\"elementor-widget-wrap\">\n\t\t\t\t\t\t<div class=\"elementor-element elementor-element-26f1703 elementor-widget elementor-widget-aux_modern_button\" data-id=\"26f1703\" data-element_type=\"widget\" data-widget_type=\"aux_modern_button.default\">\n\t\t\t\t<div class=\"elementor-widget-container\">\n\t\t\t    <div class=\"aux-modern-button-wrapper aux-modern-button-align-left\" >\n                    <a class=\"aux-modern-button aux-black aux-modern-button-md aux-modern-button-normal aux-modern-button-default aux-icon-\" href=\"https:\/\/pistenbully.is\/index.php\/hafa-samband\/\">\n                <div class=\"aux-overlay\"><\/div>\n                                    <div class=\"aux-icon \">\n                                            <\/div>\n                                <div class=\"aux-text\">\n<span class=\"aux-text-before\">HAF\u00d0U SAMBAND<\/span>                <\/div>\n            <\/a>\n            \n    <\/div>\n\n    \t\t<\/div>\n\t\t\t\t<\/div>\n\t\t\t\t\t\t<\/div>\n\t\t\t\t\t<\/div>\n\t\t<\/div>\n\t\t\t\t\t\t\t\t<\/div>\n\t\t\t\t\t<\/div>\n\t\t<\/section>\n\t\t\t\t\t\t\t\t\t<\/div>\n\t\t\t<\/div>\n\t\t\t\t\t<\/div>\n\t\t","protected":false},"excerpt":{"rendered":"<p>PistenBully \u00fej\u00f3nusta Kynntu \u00fe\u00e9r PistenBully \u00fej\u00f3nustu \u00e1 \u00cdslandi PistenBully \u00e1 \u00cdslandi Vi\u00f0ger\u00f0a og varahluta\u00fej\u00f3nusta Vi\u00f0 veitum v\u00ed\u00f0t\u00e6ka \u00fej\u00f3nustu vi\u00f0 PistenBully \u00e1 \u00cdslandi. T\u00e6kni\u00fej\u00f3nustu og bilanagreiningu auk \u00fej\u00e1lfunar \u00ed rekstri og vi\u00f0haldi PistenBully t\u00e6kja. \u00d6flug varahluta\u00fej\u00f3nusta.\u00a0 T\u00e6knia\u00f0sto\u00f0 A\u00f0sto\u00f0 vi\u00f0 bilanagreiningar og t\u00e6knileg r\u00e1\u00f0gj\u00f6f. \u00dej\u00e1lfun \u00dej\u00e1lfun og n\u00e1mskei\u00f0 \u00ed rekstri og vi\u00f0haldi PIstenBully t\u00e6kja.\u00a0 Varahluta\u00fej\u00f3nusta PistenBully \u00e1 [&hellip;]<\/p>\n","protected":false},"author":1,"featured_media":0,"parent":0,"menu_order":0,"comment_status":"closed","ping_status":"closed","template":"templates\/page-builder-content.php","meta":{"footnotes":""},"class_list":["post-108","page","type-page","status-publish","hentry"],"yoast_head":"<!-- This site is optimized with the Yoast SEO plugin v19.7.1 - https:\/\/yoast.com\/wordpress\/plugins\/seo\/ -->\n<title>\u00deJ\u00d3NUSTA - PistenBully \u00e1 \u00cdslandi<\/title>\n<meta name=\"robots\" content=\"index, follow, max-snippet:-1, max-image-preview:large, max-video-preview:-1\" \/>\n<link rel=\"canonical\" href=\"https:\/\/pistenbully.is\/index.php\/services\/\" \/>\n<meta property=\"og:locale\" content=\"en_US\" \/>\n<meta property=\"og:type\" content=\"article\" \/>\n<meta property=\"og:title\" content=\"\u00deJ\u00d3NUSTA - PistenBully \u00e1 \u00cdslandi\" \/>\n<meta property=\"og:description\" content=\"PistenBully \u00fej\u00f3nusta Kynntu \u00fe\u00e9r PistenBully \u00fej\u00f3nustu \u00e1 \u00cdslandi PistenBully \u00e1 \u00cdslandi Vi\u00f0ger\u00f0a og varahluta\u00fej\u00f3nusta Vi\u00f0 veitum v\u00ed\u00f0t\u00e6ka \u00fej\u00f3nustu vi\u00f0 PistenBully \u00e1 \u00cdslandi. T\u00e6kni\u00fej\u00f3nustu og bilanagreiningu auk \u00fej\u00e1lfunar \u00ed rekstri og vi\u00f0haldi PistenBully t\u00e6kja. \u00d6flug varahluta\u00fej\u00f3nusta.\u00a0 T\u00e6knia\u00f0sto\u00f0 A\u00f0sto\u00f0 vi\u00f0 bilanagreiningar og t\u00e6knileg r\u00e1\u00f0gj\u00f6f. \u00dej\u00e1lfun \u00dej\u00e1lfun og n\u00e1mskei\u00f0 \u00ed rekstri og vi\u00f0haldi PIstenBully t\u00e6kja.\u00a0 Varahluta\u00fej\u00f3nusta PistenBully \u00e1 [&hellip;]\" \/>\n<meta property=\"og:url\" content=\"https:\/\/pistenbully.is\/index.php\/services\/\" \/>\n<meta property=\"og:site_name\" content=\"PistenBully \u00e1 \u00cdslandi\" \/>\n<meta property=\"article:modified_time\" content=\"2022-10-12T10:42:58+00:00\" \/>\n<meta property=\"og:image\" content=\"https:\/\/pistenbully.is\/wp-content\/uploads\/2021\/06\/PistenBully-verkstaedi.jpg\" \/>\n<meta name=\"twitter:card\" content=\"summary_large_image\" \/>\n<meta name=\"twitter:label1\" content=\"Est. reading time\" \/>\n\t<meta name=\"twitter:data1\" content=\"1 minute\" \/>\n<script type=\"application\/ld+json\" class=\"yoast-schema-graph\">{\"@context\":\"https:\/\/schema.org\",\"@graph\":[{\"@type\":\"WebPage\",\"@id\":\"https:\/\/pistenbully.is\/index.php\/services\/\",\"url\":\"https:\/\/pistenbully.is\/index.php\/services\/\",\"name\":\"\u00deJ\u00d3NUSTA - PistenBully \u00e1 \u00cdslandi\",\"isPartOf\":{\"@id\":\"https:\/\/pistenbully.is\/#website\"},\"datePublished\":\"2021-06-03T06:18:30+00:00\",\"dateModified\":\"2022-10-12T10:42:58+00:00\",\"breadcrumb\":{\"@id\":\"https:\/\/pistenbully.is\/index.php\/services\/#breadcrumb\"},\"inLanguage\":\"en-US\",\"potentialAction\":[{\"@type\":\"ReadAction\",\"target\":[\"https:\/\/pistenbully.is\/index.php\/services\/\"]}]},{\"@type\":\"BreadcrumbList\",\"@id\":\"https:\/\/pistenbully.is\/index.php\/services\/#breadcrumb\",\"itemListElement\":[{\"@type\":\"ListItem\",\"position\":1,\"name\":\"Home\",\"item\":\"https:\/\/pistenbully.is\/\"},{\"@type\":\"ListItem\",\"position\":2,\"name\":\"\u00deJ\u00d3NUSTA\"}]},{\"@type\":\"WebSite\",\"@id\":\"https:\/\/pistenbully.is\/#website\",\"url\":\"https:\/\/pistenbully.is\/\",\"name\":\"PistenBully \u00e1 \u00cdslandi\",\"description\":\"PistenBully snj\u00f3tro\u00f0arar\",\"publisher\":{\"@id\":\"https:\/\/pistenbully.is\/#organization\"},\"potentialAction\":[{\"@type\":\"SearchAction\",\"target\":{\"@type\":\"EntryPoint\",\"urlTemplate\":\"https:\/\/pistenbully.is\/?s={search_term_string}\"},\"query-input\":\"required name=search_term_string\"}],\"inLanguage\":\"en-US\"},{\"@type\":\"Organization\",\"@id\":\"https:\/\/pistenbully.is\/#organization\",\"name\":\"PistenBully \u00e1 \u00cdslandi\",\"url\":\"https:\/\/pistenbully.is\/\",\"sameAs\":[],\"logo\":{\"@type\":\"ImageObject\",\"inLanguage\":\"en-US\",\"@id\":\"https:\/\/pistenbully.is\/#\/schema\/logo\/image\/\",\"url\":\"https:\/\/pistenbully.is\/wp-content\/uploads\/2020\/09\/PistenBully-white-65px.png\",\"contentUrl\":\"https:\/\/pistenbully.is\/wp-content\/uploads\/2020\/09\/PistenBully-white-65px.png\",\"width\":234,\"height\":65,\"caption\":\"PistenBully \u00e1 \u00cdslandi \"},\"image\":{\"@id\":\"https:\/\/pistenbully.is\/#\/schema\/logo\/image\/\"}}]}<\/script>\n<!-- \/ Yoast SEO plugin. -->","yoast_head_json":{"title":"\u00deJ\u00d3NUSTA - PistenBully \u00e1 \u00cdslandi","robots":{"index":"index","follow":"follow","max-snippet":"max-snippet:-1","max-image-preview":"max-image-preview:large","max-video-preview":"max-video-preview:-1"},"canonical":"https:\/\/pistenbully.is\/index.php\/services\/","og_locale":"en_US","og_type":"article","og_title":"\u00deJ\u00d3NUSTA - PistenBully \u00e1 \u00cdslandi","og_description":"PistenBully \u00fej\u00f3nusta Kynntu \u00fe\u00e9r PistenBully \u00fej\u00f3nustu \u00e1 \u00cdslandi PistenBully \u00e1 \u00cdslandi Vi\u00f0ger\u00f0a og varahluta\u00fej\u00f3nusta Vi\u00f0 veitum v\u00ed\u00f0t\u00e6ka \u00fej\u00f3nustu vi\u00f0 PistenBully \u00e1 \u00cdslandi. T\u00e6kni\u00fej\u00f3nustu og bilanagreiningu auk \u00fej\u00e1lfunar \u00ed rekstri og vi\u00f0haldi PistenBully t\u00e6kja. \u00d6flug varahluta\u00fej\u00f3nusta.\u00a0 T\u00e6knia\u00f0sto\u00f0 A\u00f0sto\u00f0 vi\u00f0 bilanagreiningar og t\u00e6knileg r\u00e1\u00f0gj\u00f6f. \u00dej\u00e1lfun \u00dej\u00e1lfun og n\u00e1mskei\u00f0 \u00ed rekstri og vi\u00f0haldi PIstenBully t\u00e6kja.\u00a0 Varahluta\u00fej\u00f3nusta PistenBully \u00e1 [&hellip;]","og_url":"https:\/\/pistenbully.is\/index.php\/services\/","og_site_name":"PistenBully \u00e1 \u00cdslandi","article_modified_time":"2022-10-12T10:42:58+00:00","og_image":[{"url":"https:\/\/pistenbully.is\/wp-content\/uploads\/2021\/06\/PistenBully-verkstaedi.jpg"}],"twitter_card":"summary_large_image","twitter_misc":{"Est. reading time":"1 minute"},"schema":{"@context":"https:\/\/schema.org","@graph":[{"@type":"WebPage","@id":"https:\/\/pistenbully.is\/index.php\/services\/","url":"https:\/\/pistenbully.is\/index.php\/services\/","name":"\u00deJ\u00d3NUSTA - PistenBully \u00e1 \u00cdslandi","isPartOf":{"@id":"https:\/\/pistenbully.is\/#website"},"datePublished":"2021-06-03T06:18:30+00:00","dateModified":"2022-10-12T10:42:58+00:00","breadcrumb":{"@id":"https:\/\/pistenbully.is\/index.php\/services\/#breadcrumb"},"inLanguage":"en-US","potentialAction":[{"@type":"ReadAction","target":["https:\/\/pistenbully.is\/index.php\/services\/"]}]},{"@type":"BreadcrumbList","@id":"https:\/\/pistenbully.is\/index.php\/services\/#breadcrumb","itemListElement":[{"@type":"ListItem","position":1,"name":"Home","item":"https:\/\/pistenbully.is\/"},{"@type":"ListItem","position":2,"name":"\u00deJ\u00d3NUSTA"}]},{"@type":"WebSite","@id":"https:\/\/pistenbully.is\/#website","url":"https:\/\/pistenbully.is\/","name":"PistenBully \u00e1 \u00cdslandi","description":"PistenBully snj\u00f3tro\u00f0arar","publisher":{"@id":"https:\/\/pistenbully.is\/#organization"},"potentialAction":[{"@type":"SearchAction","target":{"@type":"EntryPoint","urlTemplate":"https:\/\/pistenbully.is\/?s={search_term_string}"},"query-input":"required name=search_term_string"}],"inLanguage":"en-US"},{"@type":"Organization","@id":"https:\/\/pistenbully.is\/#organization","name":"PistenBully \u00e1 \u00cdslandi","url":"https:\/\/pistenbully.is\/","sameAs":[],"logo":{"@type":"ImageObject","inLanguage":"en-US","@id":"https:\/\/pistenbully.is\/#\/schema\/logo\/image\/","url":"https:\/\/pistenbully.is\/wp-content\/uploads\/2020\/09\/PistenBully-white-65px.png","contentUrl":"https:\/\/pistenbully.is\/wp-content\/uploads\/2020\/09\/PistenBully-white-65px.png","width":234,"height":65,"caption":"PistenBully \u00e1 \u00cdslandi "},"image":{"@id":"https:\/\/pistenbully.is\/#\/schema\/logo\/image\/"}}]}},"_links":{"self":[{"href":"https:\/\/pistenbully.is\/index.php\/wp-json\/wp\/v2\/pages\/108","targetHints":{"allow":["GET"]}}],"collection":[{"href":"https:\/\/pistenbully.is\/index.php\/wp-json\/wp\/v2\/pages"}],"about":[{"href":"https:\/\/pistenbully.is\/index.php\/wp-json\/wp\/v2\/types\/page"}],"author":[{"embeddable":true,"href":"https:\/\/pistenbully.is\/index.php\/wp-json\/wp\/v2\/users\/1"}],"replies":[{"embeddable":true,"href":"https:\/\/pistenbully.is\/index.php\/wp-json\/wp\/v2\/comments?post=108"}],"version-history":[{"count":37,"href":"https:\/\/pistenbully.is\/index.php\/wp-json\/wp\/v2\/pages\/108\/revisions"}],"predecessor-version":[{"id":859,"href":"https:\/\/pistenbully.is\/index.php\/wp-json\/wp\/v2\/pages\/108\/revisions\/859"}],"wp:attachment":[{"href":"https:\/\/pistenbully.is\/index.php\/wp-json\/wp\/v2\/media?parent=108"}],"curies":[{"name":"wp","href":"https:\/\/api.w.org\/{rel}","templated":true}]}}